{"id":1483,"date":"2014-05-19T11:20:07","date_gmt":"2014-05-19T09:20:07","guid":{"rendered":"http:\/\/www.nachhaltiger-einkauf.de\/wordpress\/?page_id=1483"},"modified":"2021-02-24T23:41:47","modified_gmt":"2021-02-24T22:41:47","slug":"einkauf","status":"publish","type":"page","link":"https:\/\/www.nachhaltiger-einkauf.de\/wordpress\/einkauf","title":{"rendered":"Einkauf"},"content":{"rendered":"<p style=\"text-align: justify;\"><span style=\"font-family: verdana, geneva; font-size: 14px;\">Hier finden Sie&nbsp;eine gro\u00dfe Produktpalette \u00fcber nachhaltige Produkte f\u00fcr Ihren Einkauf. Egal, ob Mode, Lebensmittel, Spielzeug oder Kosmetik &#8211; ausf\u00fchrliche Informationen \u00fcber die verschiedenen Produkte in der jeweiligen Rubrik, k\u00f6nnen Sie&nbsp;hier entdecken. <\/span><\/p>\n<p style=\"text-align: justify;\"><span style=\"font-family: verdana, geneva; font-size: 14px;\">Informieren&nbsp;Sie sich&nbsp;\u00fcber die Produkte und beginnen Sie&nbsp;heute&nbsp;damit,&nbsp;Ihren Konsum und Ihren Einkauf nachhaltig zu gestalten.<br \/>\nIn dieser Sparte finden Sie folgende&nbsp;Artikel:<\/span><\/p>\n<ul>\n<li style=\"text-align: justify;\"><a href=\"http:\/\/www.nachhaltiger-einkauf.de\/wordpress\/definitionen_nachhaltigkeit\/bio-back-to-the-roots\">BIO- Back to the roots<\/a><\/li>\n<li style=\"text-align: justify;\"><a href=\"http:\/\/www.nachhaltiger-einkauf.de\/wordpress\/einkauf\/bio-supermarkte\">(Bio-) Superm\u00e4rkte<\/a><\/li>\n<li style=\"text-align: justify;\"><a href=\"http:\/\/www.nachhaltiger-einkauf.de\/wordpress\/einkauf\/elektronik\">Elektroger\u00e4te<\/a><\/li>\n<li style=\"text-align: justify;\"><a href=\"http:\/\/www.nachhaltiger-einkauf.de\/wordpress\/einkauf\/lebensmittel\">Lebensmittel<\/a><\/li>\n<li style=\"text-align: justify;\"><a href=\"http:\/\/www.nachhaltiger-einkauf.de\/wordpress\/mode\">Mode<\/a><\/li>\n<li style=\"text-align: justify;\"><a href=\"http:\/\/www.nachhaltiger-einkauf.de\/wordpress\/nachhaltiger-warenkorb\">Nachhaltiger Warenkorb<\/a><\/li>\n<li style=\"text-align: justify;\"><a href=\"http:\/\/www.nachhaltiger-einkauf.de\/wordpress\/einkauf\/naturkosmetik\">Naturkosmetik<\/a><\/li>\n<li style=\"text-align: justify;\"><a href=\"http:\/\/www.nachhaltiger-einkauf.de\/wordpress\/siegel\">Siegel<\/a><\/li>\n<li style=\"text-align: justify;\"><a href=\"http:\/\/www.nachhaltiger-einkauf.de\/wordpress\/kinderspielwaren\">Spielzeug<\/a><\/li>\n<li style=\"text-align: justify;\"><a href=\"http:\/\/www.nachhaltiger-einkauf.de\/wordpress\/einkauf\/supermarkt-ohne-verpackungen\">Supermarkt ohne Verpackung<\/a><\/li>\n<li style=\"text-align: justify;\"><a href=\"http:\/\/www.nachhaltiger-einkauf.de\/wordpress\/nachhaltige-brillen\">Nachhaltige Brillen<\/a><\/li>\n<\/ul>\n","protected":false},"excerpt":{"rendered":"<p>Hier finden Sie&nbsp;eine gro\u00dfe Produktpalette \u00fcber nachhaltige Produkte f\u00fcr Ihren Einkauf. Egal, ob Mode, Lebensmittel, Spielzeug oder Kosmetik &#8211; ausf\u00fchrliche Informationen \u00fcber die verschiedenen Produkte in der jeweiligen Rubrik, k\u00f6nnen Sie&nbsp;hier entdecken. Informieren&nbsp;Sie sich&nbsp;\u00fcber die Produkte und beginnen Sie&nbsp;heute&nbsp;damit,&nbsp;Ihren Konsum&hellip; <\/p>\n","protected":false},"author":1,"featured_media":0,"parent":0,"menu_order":0,"comment_status":"closed","ping_status":"closed","template":"","meta":[],"_links":{"self":[{"href":"https:\/\/www.nachhaltiger-einkauf.de\/wordpress\/wp-json\/wp\/v2\/pages\/1483"}],"collection":[{"href":"https:\/\/www.nachhaltiger-einkauf.de\/wordpress\/wp-json\/wp\/v2\/pages"}],"about":[{"href":"https:\/\/www.nachhaltiger-einkauf.de\/wordpress\/wp-json\/wp\/v2\/types\/page"}],"author":[{"embeddable":true,"href":"https:\/\/www.nachhaltiger-einkauf.de\/wordpress\/wp-json\/wp\/v2\/users\/1"}],"replies":[{"embeddable":true,"href":"https:\/\/www.nachhaltiger-einkauf.de\/wordpress\/wp-json\/wp\/v2\/comments?post=1483"}],"version-history":[{"count":15,"href":"https:\/\/www.nachhaltiger-einkauf.de\/wordpress\/wp-json\/wp\/v2\/pages\/1483\/revisions"}],"predecessor-version":[{"id":6635,"href":"https:\/\/www.nachhaltiger-einkauf.de\/wordpress\/wp-json\/wp\/v2\/pages\/1483\/revisions\/6635"}],"wp:attachment":[{"href":"https:\/\/www.nachhaltiger-einkauf.de\/wordpress\/wp-json\/wp\/v2\/media?parent=1483"}],"curies":[{"name":"wp","href":"https:\/\/api.w.org\/{rel}","templated":true}]}}