{"id":2267,"date":"2015-01-04T21:54:59","date_gmt":"2015-01-04T20:54:59","guid":{"rendered":"http:\/\/www.nachhaltiger-einkauf.de\/wordpress\/?page_id=2267"},"modified":"2021-04-16T20:15:50","modified_gmt":"2021-04-16T18:15:50","slug":"winter","status":"publish","type":"page","link":"https:\/\/www.nachhaltiger-einkauf.de\/wordpress\/winter","title":{"rendered":"Winter"},"content":{"rendered":"<header>\n<p style=\"text-align: justify;\"><span style=\"font-family: verdana,geneva,sans-serif; font-size: 14px;\"><span style=\"font-size: 14pt;\"><strong>Veganer Schokokuchen<\/strong> <\/span><span style=\"color: #ffffff; font-size: 10pt;\">Winter<\/span><br \/>\n<\/span><\/p>\n<\/header>\n<div style=\"text-align: justify;\">\n<p><span style=\"font-family: verdana, geneva, sans-serif; font-size: 14px;\"><strong>Zutaten f\u00fcr den Teig:<br \/>\n<\/strong><\/span><span style=\"font-family: verdana, geneva, sans-serif; font-size: 14px;\">180 g Weizen- oder Dinkelmehl<\/span><br \/>\n<span style=\"font-family: verdana, geneva, sans-serif; font-size: 14px;\"> 230 g Zucker<\/span><br \/>\n<span style=\"font-family: verdana, geneva, sans-serif; font-size: 14px;\"> 45 g Kakaopulver (kein Instantpulver)<\/span><br \/>\n<span style=\"font-family: verdana, geneva, sans-serif; font-size: 14px;\"> 1\/2 TL Salz<\/span><br \/>\n<span style=\"font-family: verdana, geneva, sans-serif; font-size: 14px;\"> 1 TL Natron<\/span><br \/>\n<span style=\"font-family: verdana, geneva, sans-serif; font-size: 14px;\"> 240 ml lauwarmes Wasser<\/span><br \/>\n<span style=\"font-family: verdana, geneva, sans-serif; font-size: 14px;\"> 80 ml \u00d6l&nbsp;<\/span><br \/>\n<span style=\"font-family: verdana, geneva, sans-serif; font-size: 14px;\"> Das Innere einer Vanilleschote oder 1 P\u00e4ckchen Vanillezucker<\/span><br \/>\n<span style=\"font-family: verdana, geneva, sans-serif; font-size: 14px;\"> 1 TL Apfelessig<\/span><\/p>\n<p><span style=\"font-family: verdana,geneva,sans-serif; font-size: 14px;\"><strong>Zutaten f\u00fcr den Guss:<\/strong><\/span> <span style=\"color: #ffffff;\">Winter<\/span><br \/>\n<span style=\"font-family: verdana,geneva,sans-serif; font-size: 14px;\"> 120 g Zucker<\/span><br \/>\n<span style=\"font-family: verdana,geneva,sans-serif; font-size: 14px;\"> 40 g Margarine<\/span><br \/>\n<span style=\"font-family: verdana,geneva,sans-serif; font-size: 14px;\"> 2 EL Hafer- oder Sojamilch<\/span><br \/>\n<span style=\"font-family: verdana,geneva,sans-serif; font-size: 14px;\"> 2 EL Kakaopulver<\/span><br \/>\n<span style=\"font-family: verdana,geneva,sans-serif; font-size: 14px;\"> Das Innere einer Vanilleschote oder 1 P\u00e4ckchen Vanillezucker<\/span><br \/>\n<span style=\"font-family: verdana,geneva,sans-serif; font-size: 14px;\"> Zuckerwerk zum Garnieren<\/span><\/p>\n<p><span style=\"font-family: verdana,geneva,sans-serif; font-size: 14px;\"><strong>Und so geht\u2019s:<\/strong><\/span> <span style=\"color: #ffffff;\">Winter<\/span><br \/>\n<span style=\"font-family: verdana,geneva,sans-serif; font-size: 14px;\"> Den Backofen auf 180 \u00b0C vorheizen (Ober-\/Unterhitze). Mehl und Kakaopulver in eine R\u00fchrsch\u00fcssel geben. Zucker, Salz, Natron und ggf. das Vanillepulver hinzuf\u00fcgen und mit einem Schneebesen verr\u00fchren. Nun auch \u00d6l, Wasser, Apfelessig und ggf. das Innere der Vanilleschote in die R\u00fchrsch\u00fcssel geben und alle Zutaten z\u00fcgig zu einer m\u00f6glichst homogenen Masse vermengen.<\/span><br \/>\n<span style=\"font-family: verdana,geneva,sans-serif; font-size: 14px;\"> Den fertig anger\u00fchrten Teig in eine Form (wenn m\u00f6glich quadratisch, z.B. 20\u00d720 cm) f\u00fcllen und den Kuchen f\u00fcr 45 Minuten auf der mittleren Schiene des Ofens backen. Den Kuchen zum Abk\u00fchlen auf einen Rost legen.<br \/>\n<\/span><\/p>\n<p><span style=\"font-family: verdana, geneva, sans-serif; font-size: 14px;\">F\u00fcr den Guss alle Zutaten in einen Topf geben und unter R\u00fchren zwei Minuten k\u00f6cheln lassen. Den Topf vom Herd nehmen und zwei Minuten lang best\u00e4ndig weiter r\u00fchren. Den gl\u00e4nzenden, leicht z\u00e4hfl\u00fcssigen Guss dann mit einem Messer auf dem Kuchen verteilen.<\/span><br \/>\n<span style=\"font-family: verdana, geneva, sans-serif;\"> D<span style=\"font-size: 14px;\">en Schokoladenkuchen vor dem Servieren etwa eine Stunde lang im K\u00fchlschrank ausk\u00fchlen lassen.<br \/>\n<\/span><\/span><\/p>\n<p><span style=\"font-family: verdana, geneva, sans-serif;\">__________________________________________________________<\/span><\/p>\n<\/div>\n<p style=\"text-align: justify;\"><span style=\"font-family: verdana, geneva, sans-serif; font-size: 14px; color: #000000;\"><strong>Kohl-Fenchel-Pfanne <span style=\"color: #ffffff;\">Winter<\/span><\/strong><\/span><\/p>\n<p style=\"text-align: justify;\"><span style=\"font-family: verdana, geneva, sans-serif; font-size: 14px;\"><strong>Zutaten:<\/strong><br \/>\n600 g Spitzkohl<\/span><br \/>\n<span style=\"font-family: verdana, geneva, sans-serif; font-size: 14px;\"> 3 EL \u00d6l<\/span><br \/>\n<span style=\"font-family: verdana, geneva, sans-serif; font-size: 14px;\"> 400 g Fenchel<\/span><br \/>\n<span style=\"font-family: verdana, geneva, sans-serif; font-size: 14px;\"> 200 ml Gem\u00fcsebr\u00fche<\/span><br \/>\n<span style=\"font-family: verdana, geneva, sans-serif; font-size: 14px;\"> 1 TL Kreuzk\u00fcmmel<\/span><br \/>\n<span style=\"font-family: verdana, geneva, sans-serif; font-size: 14px;\"> Salz<\/span><br \/>\n<span style=\"font-family: verdana, geneva, sans-serif; font-size: 14px;\"> Pfeffer<\/span><\/p>\n<p style=\"text-align: justify;\"><span style=\"font-family: verdana, geneva, sans-serif; font-size: 14px;\"><strong>Und so geht\u2019s:<\/strong><br \/>\nStrunk vom Kohl entfernen und hobeln. Das \u00d6l in einer Pfanne erhitzen und den Kohl anschmoren. Inzwischen den Fenchel vorbereiten (putzen, halbieren und den Strunk entfernen) und hobeln. Zum Spitzkohl dazu geben und das Ganze 10 Minuten d\u00fcnsten. Anschlie\u00dfend mit Br\u00fche abl\u00f6schen und mit Salz, Pfeffer und K\u00fcmmel abschmecken. Bei mittlerer Hitze 20 Minuten fertig garen.<em> Zubereitungszeit: 15 Minuten<\/em><\/span><\/p>\n<p style=\"text-align: justify;\"><span style=\"font-family: verdana, geneva, sans-serif;\">__________________________________________________________<\/span><\/p>\n<p style=\"text-align: justify;\"><span style=\"color: #000000; font-family: verdana, geneva, sans-serif; font-size: 14px;\"><strong>Rotkohl-Apfel-Rohkost <span style=\"color: #ffffff;\">Winter<\/span><br \/>\n<\/strong><\/span><\/p>\n<p style=\"text-align: justify;\"><span style=\"font-family: verdana,geneva,sans-serif; font-size: 14px;\"><strong>Zutaten:<\/strong> <span style=\"color: #ffffff;\">Winter<\/span><br \/>\n2 EL \u00d6l<\/span><br \/>\n<span style=\"font-family: verdana, geneva, sans-serif; font-size: 14px;\"> 2 EL Senf<\/span><br \/>\n<span style=\"font-family: verdana, geneva, sans-serif; font-size: 14px;\"> 1 EL Essig<\/span><br \/>\n<span style=\"font-family: verdana, geneva, sans-serif; font-size: 14px;\"> 3 EL Apfelsaft<\/span><br \/>\n<span style=\"font-family: verdana, geneva, sans-serif; font-size: 14px;\"> 500 g Rotkohl<\/span><br \/>\n<span style=\"font-family: verdana, geneva, sans-serif; font-size: 14px;\"> 150 g Karotten<\/span><br \/>\n<span style=\"font-family: verdana, geneva, sans-serif; font-size: 14px;\"> 250 g \u00c4pfel<\/span><br \/>\n<span style=\"font-family: verdana, geneva, sans-serif; font-size: 14px;\"> 50 g Fr\u00fchlingszwiebeln<\/span><br \/>\n<span style=\"font-family: verdana, geneva, sans-serif; font-size: 14px;\"> Salz<\/span><br \/>\n<span style=\"font-family: verdana, geneva, sans-serif; font-size: 14px;\"> Pfeffer<\/span><br \/>\n<span style=\"font-family: verdana, geneva, sans-serif; font-size: 14px;\"> Schnittlauch<\/span><\/p>\n<p style=\"text-align: justify;\"><span style=\"font-family: verdana, geneva, sans-serif; font-size: 14px;\"><strong>Und so geht\u2019s:<\/strong><br \/>\nAus \u00d6l, Senf, Essig und Apfelsaft ein Dressing r\u00fchren. Vom Rotkohl den Strunk entfernen und raspeln. Die \u00c4pfel und gesch\u00e4lten Karotten ebenfalls raspeln. Die Fr\u00fchlingszwiebeln in d\u00fcnne R\u00f6llchen schneiden. Anschlie\u00dfend alle Zutaten mit dem Dressing vermengen und nach Geschmack salzen, pfeffern und mit Schnittlauch garnieren.&nbsp;<em>Zubereitungszeit: 15 Minuten<\/em><\/span><\/p>\n","protected":false},"excerpt":{"rendered":"<p>Veganer Schokokuchen Winter Zutaten f\u00fcr den Teig: 180 g Weizen- oder Dinkelmehl 230 g Zucker 45 g Kakaopulver (kein Instantpulver) 1\/2 TL Salz 1 TL Natron 240 ml lauwarmes Wasser 80 ml \u00d6l&nbsp; Das Innere einer Vanilleschote oder 1 P\u00e4ckchen&hellip; <\/p>\n","protected":false},"author":1,"featured_media":0,"parent":0,"menu_order":0,"comment_status":"open","ping_status":"open","template":"","meta":[],"_links":{"self":[{"href":"https:\/\/www.nachhaltiger-einkauf.de\/wordpress\/wp-json\/wp\/v2\/pages\/2267"}],"collection":[{"href":"https:\/\/www.nachhaltiger-einkauf.de\/wordpress\/wp-json\/wp\/v2\/pages"}],"about":[{"href":"https:\/\/www.nachhaltiger-einkauf.de\/wordpress\/wp-json\/wp\/v2\/types\/page"}],"author":[{"embeddable":true,"href":"https:\/\/www.nachhaltiger-einkauf.de\/wordpress\/wp-json\/wp\/v2\/users\/1"}],"replies":[{"embeddable":true,"href":"https:\/\/www.nachhaltiger-einkauf.de\/wordpress\/wp-json\/wp\/v2\/comments?post=2267"}],"version-history":[{"count":13,"href":"https:\/\/www.nachhaltiger-einkauf.de\/wordpress\/wp-json\/wp\/v2\/pages\/2267\/revisions"}],"predecessor-version":[{"id":6677,"href":"https:\/\/www.nachhaltiger-einkauf.de\/wordpress\/wp-json\/wp\/v2\/pages\/2267\/revisions\/6677"}],"wp:attachment":[{"href":"https:\/\/www.nachhaltiger-einkauf.de\/wordpress\/wp-json\/wp\/v2\/media?parent=2267"}],"curies":[{"name":"wp","href":"https:\/\/api.w.org\/{rel}","templated":true}]}}

<header>
<p style="text-align: justify;"><span style="font-family: verdana,geneva,sans-serif; font-size: 14px;"><span style="font-size: 14pt;"><strong>Veganer Schokokuchen</strong> </span><span style="color: #ffffff; font-size: 10pt;">Winter</span><br />
</span></p>
</header>
<div style="text-align: justify;">
<p><span style="font-family: verdana, geneva, sans-serif; font-size: 14px;"><strong>Zutaten für den Teig:<br />
</strong></span><span style="font-family: verdana, geneva, sans-serif; font-size: 14px;">180 g Weizen- oder Dinkelmehl</span><br />
<span style="font-family: verdana, geneva, sans-serif; font-size: 14px;"> 230 g Zucker</span><br />
<span style="font-family: verdana, geneva, sans-serif; font-size: 14px;"> 45 g Kakaopulver (kein Instantpulver)</span><br />
<span style="font-family: verdana, geneva, sans-serif; font-size: 14px;"> 1/2 TL Salz</span><br />
<span style="font-family: verdana, geneva, sans-serif; font-size: 14px;"> 1 TL Natron</span><br />
<span style="font-family: verdana, geneva, sans-serif; font-size: 14px;"> 240 ml lauwarmes Wasser</span><br />
<span style="font-family: verdana, geneva, sans-serif; font-size: 14px;"> 80 ml Öl&nbsp;</span><br />
<span style="font-family: verdana, geneva, sans-serif; font-size: 14px;"> Das Innere einer Vanilleschote oder 1 Päckchen Vanillezucker</span><br />
<span style="font-family: verdana, geneva, sans-serif; font-size: 14px;"> 1 TL Apfelessig</span></p>
<p><span style="font-family: verdana,geneva,sans-serif; font-size: 14px;"><strong>Zutaten für den Guss:</strong></span> <span style="color: #ffffff;">Winter</span><br />
<span style="font-family: verdana,geneva,sans-serif; font-size: 14px;"> 120 g Zucker</span><br />
<span style="font-family: verdana,geneva,sans-serif; font-size: 14px;"> 40 g Margarine</span><br />
<span style="font-family: verdana,geneva,sans-serif; font-size: 14px;"> 2 EL Hafer- oder Sojamilch</span><br />
<span style="font-family: verdana,geneva,sans-serif; font-size: 14px;"> 2 EL Kakaopulver</span><br />
<span style="font-family: verdana,geneva,sans-serif; font-size: 14px;"> Das Innere einer Vanilleschote oder 1 Päckchen Vanillezucker</span><br />
<span style="font-family: verdana,geneva,sans-serif; font-size: 14px;"> Zuckerwerk zum Garnieren</span></p>
<p><span style="font-family: verdana,geneva,sans-serif; font-size: 14px;"><strong>Und so geht’s:</strong></span> <span style="color: #ffffff;">Winter</span><br />
<span style="font-family: verdana,geneva,sans-serif; font-size: 14px;"> Den Backofen auf 180 °C vorheizen (Ober-/Unterhitze). Mehl und Kakaopulver in eine Rührschüssel geben. Zucker, Salz, Natron und ggf. das Vanillepulver hinzufügen und mit einem Schneebesen verrühren. Nun auch Öl, Wasser, Apfelessig und ggf. das Innere der Vanilleschote in die Rührschüssel geben und alle Zutaten zügig zu einer möglichst homogenen Masse vermengen.</span><br />
<span style="font-family: verdana,geneva,sans-serif; font-size: 14px;"> Den fertig angerührten Teig in eine Form (wenn möglich quadratisch, z.B. 20×20 cm) füllen und den Kuchen für 45 Minuten auf der mittleren Schiene des Ofens backen. Den Kuchen zum Abkühlen auf einen Rost legen.<br />
</span></p>
<p><span style="font-family: verdana, geneva, sans-serif; font-size: 14px;">Für den Guss alle Zutaten in einen Topf geben und unter Rühren zwei Minuten köcheln lassen. Den Topf vom Herd nehmen und zwei Minuten lang beständig weiter rühren. Den glänzenden, leicht zähflüssigen Guss dann mit einem Messer auf dem Kuchen verteilen.</span><br />
<span style="font-family: verdana, geneva, sans-serif;"> D<span style="font-size: 14px;">en Schokoladenkuchen vor dem Servieren etwa eine Stunde lang im Kühlschrank auskühlen lassen.<br />
</span></span></p>
<p><span style="font-family: verdana, geneva, sans-serif;">__________________________________________________________</span></p>
</div>
<p style="text-align: justify;"><span style="font-family: verdana, geneva, sans-serif; font-size: 14px; color: #000000;"><strong>Kohl-Fenchel-Pfanne <span style="color: #ffffff;">Winter</span></strong></span></p>
<p style="text-align: justify;"><span style="font-family: verdana, geneva, sans-serif; font-size: 14px;"><strong>Zutaten:</strong><br />
600 g Spitzkohl</span><br />
<span style="font-family: verdana, geneva, sans-serif; font-size: 14px;"> 3 EL Öl</span><br />
<span style="font-family: verdana, geneva, sans-serif; font-size: 14px;"> 400 g Fenchel</span><br />
<span style="font-family: verdana, geneva, sans-serif; font-size: 14px;"> 200 ml Gemüsebrühe</span><br />
<span style="font-family: verdana, geneva, sans-serif; font-size: 14px;"> 1 TL Kreuzkümmel</span><br />
<span style="font-family: verdana, geneva, sans-serif; font-size: 14px;"> Salz</span><br />
<span style="font-family: verdana, geneva, sans-serif; font-size: 14px;"> Pfeffer</span></p>
<p style="text-align: justify;"><span style="font-family: verdana, geneva, sans-serif; font-size: 14px;"><strong>Und so geht’s:</strong><br />
Strunk vom Kohl entfernen und hobeln. Das Öl in einer Pfanne erhitzen und den Kohl anschmoren. Inzwischen den Fenchel vorbereiten (putzen, halbieren und den Strunk entfernen) und hobeln. Zum Spitzkohl dazu geben und das Ganze 10 Minuten dünsten. Anschließend mit Brühe ablöschen und mit Salz, Pfeffer und Kümmel abschmecken. Bei mittlerer Hitze 20 Minuten fertig garen.<em> Zubereitungszeit: 15 Minuten</em></span></p>
<p style="text-align: justify;"><span style="font-family: verdana, geneva, sans-serif;">__________________________________________________________</span></p>
<p style="text-align: justify;"><span style="color: #000000; font-family: verdana, geneva, sans-serif; font-size: 14px;"><strong>Rotkohl-Apfel-Rohkost <span style="color: #ffffff;">Winter</span><br />
</strong></span></p>
<p style="text-align: justify;"><span style="font-family: verdana,geneva,sans-serif; font-size: 14px;"><strong>Zutaten:</strong> <span style="color: #ffffff;">Winter</span><br />
2 EL Öl</span><br />
<span style="font-family: verdana, geneva, sans-serif; font-size: 14px;"> 2 EL Senf</span><br />
<span style="font-family: verdana, geneva, sans-serif; font-size: 14px;"> 1 EL Essig</span><br />
<span style="font-family: verdana, geneva, sans-serif; font-size: 14px;"> 3 EL Apfelsaft</span><br />
<span style="font-family: verdana, geneva, sans-serif; font-size: 14px;"> 500 g Rotkohl</span><br />
<span style="font-family: verdana, geneva, sans-serif; font-size: 14px;"> 150 g Karotten</span><br />
<span style="font-family: verdana, geneva, sans-serif; font-size: 14px;"> 250 g Äpfel</span><br />
<span style="font-family: verdana, geneva, sans-serif; font-size: 14px;"> 50 g Frühlingszwiebeln</span><br />
<span style="font-family: verdana, geneva, sans-serif; font-size: 14px;"> Salz</span><br />
<span style="font-family: verdana, geneva, sans-serif; font-size: 14px;"> Pfeffer</span><br />
<span style="font-family: verdana, geneva, sans-serif; font-size: 14px;"> Schnittlauch</span></p>
<p style="text-align: justify;"><span style="font-family: verdana, geneva, sans-serif; font-size: 14px;"><strong>Und so geht’s:</strong><br />
Aus Öl, Senf, Essig und Apfelsaft ein Dressing rühren. Vom Rotkohl den Strunk entfernen und raspeln. Die Äpfel und geschälten Karotten ebenfalls raspeln. Die Frühlingszwiebeln in dünne Röllchen schneiden. Anschließend alle Zutaten mit dem Dressing vermengen und nach Geschmack salzen, pfeffern und mit Schnittlauch garnieren.&nbsp;<em>Zubereitungszeit: 15 Minuten</em></span></p>

<p>Veganer Schokokuchen Winter Zutaten für den Teig: 180 g Weizen- oder Dinkelmehl 230 g Zucker 45 g Kakaopulver (kein Instantpulver) 1/2 TL Salz 1 TL Natron 240 ml lauwarmes Wasser 80 ml Öl&nbsp; Das Innere einer Vanilleschote oder 1 Päckchen&hellip; </p>
