{"id":3905,"date":"2015-07-01T13:29:22","date_gmt":"2015-07-01T11:29:22","guid":{"rendered":"http:\/\/www.nachhaltiger-einkauf.de\/wordpress\/?page_id=3905"},"modified":"2021-02-25T00:34:52","modified_gmt":"2021-02-24T23:34:52","slug":"recycling-von-elektronikgeraeten","status":"publish","type":"page","link":"https:\/\/www.nachhaltiger-einkauf.de\/wordpress\/einkauf\/elektronik\/recycling-von-elektronikgeraeten","title":{"rendered":"Lebenszyklus von Elektroger\u00e4ten"},"content":{"rendered":"<p style=\"text-align: justify;\">Das Recycling von Elektronischen Ger\u00e4ten spielt eine immer wichtiger werdende Rolle. Dabei geht es nicht nur um Handys, sondern auch um K\u00fchlschr\u00e4nke und andere technische Ger\u00e4te.<\/p>\n<p><iframe width=\"700\" height=\"394\" src=\"https:\/\/www.youtube.com\/embed\/Oc84XlyWAo8?feature=oembed\" frameborder=\"0\" gesture=\"media\" allow=\"encrypted-media\" allowfullscreen><\/iframe><\/p>\n<p style=\"text-align: justify;\">Unsere Ger\u00e4te landen meist im normalen Hausm\u00fcll. Kaum einer achtet auf eine fachgerechte Entsorgung. Warum? Viele wissen \u00fcberhaupt nicht, dass man diese Artikel gesondert entsorgen muss und viele wissen nicht welche M\u00f6glichkeit sie haben ihren technischen M\u00fcll zu entsorgen. Wenn die Ger\u00e4te nicht sachgem\u00e4\u00df entsorgt werden, k\u00f6nnen sie nicht recycelt und damit nicht f\u00fcr neue elektronische Ger\u00e4te wiederverwendet werden. Die Rohstoffe werden also immer knapper.<\/p>\n<p style=\"text-align: justify;\"><strong>Wie kommt es \u00fcberhaupt dazu?<\/strong><\/p>\n<ul style=\"text-align: justify;\">\n<li><strong>K\u00fcrzere Lebenszyklen der Ger\u00e4te:<\/strong><br \/>\nMan spricht oft von sogenannten \u201eSelbstzerst\u00f6rungs-Chips\u201c, die die Ger\u00e4te dazu bringen einfach kaputt zu gehen, sobald die Garantie abgelaufen ist.<\/li>\n<li><strong>H\u00e4ufigere Innovationen:<\/strong><br \/>\nIn unserer schnelllebigen Zeit schreitet die Technik ebenso schnell voran. Unternehmen wollen daher immer das Neueste und das Beste f\u00fcr ihre Kunden herstellen. Auch gilt, die Konkurrenz mit einem noch besseren Ger\u00e4t zu \u00fcbertreffen. Wir als Konsumenten gehen darauf nat\u00fcrlich ein und wollen ebenfalls immer die neueste und beste Technik besitzen. Das alte Ger\u00e4t wandert daraufhin meist einfach in den M\u00fcll.<\/li>\n<\/ul>\n<p style=\"text-align: justify;\"><strong>Was k\u00f6nnen Hersteller tun?<\/strong><\/p>\n<ul style=\"text-align: justify;\">\n<li style=\"text-align: left;\">Leasing-Ger\u00e4te anbieten, die nach einem gewissen Gebrauch zur\u00fcckgenommen und aufbereitet werden<\/li>\n<li style=\"text-align: left;\">Auf eine l\u00e4ngere Lebenszeit der Produkte hinarbeiten<\/li>\n<li style=\"text-align: left;\">Einen besseren Service anbieten, vor allem was die Reparatur anbelangt<\/li>\n<li style=\"text-align: left;\">Kunden auf die richtige Entsorgung der Ger\u00e4te hinweisen<\/li>\n<\/ul>\n<p style=\"text-align: left;\"><strong>Was k\u00f6nnen wir tun?<\/strong><\/p>\n<ul style=\"text-align: justify;\">\n<li style=\"text-align: left;\">Selbst auf die richtige Entsorgung achten und andere darauf hinweisen<\/li>\n<li style=\"text-align: left;\">Ger\u00e4te bei Problemen nicht gleich wegschmei\u00dfen, sondern reparieren<\/li>\n<li style=\"text-align: left;\">Man muss nicht immer dem neuesten Trend folgen, das Alte tut es meistens auch noch \ud83d\ude09<\/li>\n<\/ul>\n<p><strong>Quellen<\/strong>:&nbsp;<span style=\"font-size: 10pt;\">http:\/\/www.nachhaltigkeitsrat.de\/index.php?id=5496 Stand: 22.06.2010;&nbsp;<\/span><span style=\"font-size: 10pt;\">http:\/\/www.tagesspiegel.de\/wissen\/recycling-wertvoller-elektroschrott\/7000502.html Stand: 15.08.2012<\/span><\/p>\n","protected":false},"excerpt":{"rendered":"<p>Das Recycling von Elektronischen Ger\u00e4ten spielt eine immer wichtiger werdende Rolle. Dabei geht es nicht nur um Handys, sondern auch um K\u00fchlschr\u00e4nke und andere technische Ger\u00e4te. Unsere Ger\u00e4te landen meist im normalen Hausm\u00fcll. Kaum einer achtet auf eine fachgerechte Entsorgung.&hellip; <\/p>\n","protected":false},"author":1,"featured_media":0,"parent":3754,"menu_order":2,"comment_status":"open","ping_status":"closed","template":"","meta":[],"_links":{"self":[{"href":"https:\/\/www.nachhaltiger-einkauf.de\/wordpress\/wp-json\/wp\/v2\/pages\/3905"}],"collection":[{"href":"https:\/\/www.nachhaltiger-einkauf.de\/wordpress\/wp-json\/wp\/v2\/pages"}],"about":[{"href":"https:\/\/www.nachhaltiger-einkauf.de\/wordpress\/wp-json\/wp\/v2\/types\/page"}],"author":[{"embeddable":true,"href":"https:\/\/www.nachhaltiger-einkauf.de\/wordpress\/wp-json\/wp\/v2\/users\/1"}],"replies":[{"embeddable":true,"href":"https:\/\/www.nachhaltiger-einkauf.de\/wordpress\/wp-json\/wp\/v2\/comments?post=3905"}],"version-history":[{"count":4,"href":"https:\/\/www.nachhaltiger-einkauf.de\/wordpress\/wp-json\/wp\/v2\/pages\/3905\/revisions"}],"predecessor-version":[{"id":6671,"href":"https:\/\/www.nachhaltiger-einkauf.de\/wordpress\/wp-json\/wp\/v2\/pages\/3905\/revisions\/6671"}],"up":[{"embeddable":true,"href":"https:\/\/www.nachhaltiger-einkauf.de\/wordpress\/wp-json\/wp\/v2\/pages\/3754"}],"wp:attachment":[{"href":"https:\/\/www.nachhaltiger-einkauf.de\/wordpress\/wp-json\/wp\/v2\/media?parent=3905"}],"curies":[{"name":"wp","href":"https:\/\/api.w.org\/{rel}","templated":true}]}}