{"id":4234,"date":"2016-01-14T12:18:12","date_gmt":"2016-01-14T11:18:12","guid":{"rendered":"http:\/\/www.nachhaltiger-einkauf.de\/wordpress\/?page_id=4234"},"modified":"2021-02-24T21:26:04","modified_gmt":"2021-02-24T20:26:04","slug":"flaschengarderobe","status":"publish","type":"page","link":"https:\/\/www.nachhaltiger-einkauf.de\/wordpress\/flaschengarderobe","title":{"rendered":"Flaschengarderobe"},"content":{"rendered":"<p style=\"text-align: justify;\">Hierf\u00fcr ben\u00f6tigt man nur ein paar leere Flaschen, etwas Kleber und eine alte Eisen- oder Glasplatte. Der erste Schritt zur stylischen Garderobe ist das zers\u00e4gen der Flasche, am besten kurz nach dem Flaschenhals.<br \/>\nAnschlie\u00dfend bringt man an der ges\u00e4gten Seite Klebstoff an, und klebt den Flaschenhals auf die Platte. Trocknen lassen und fertig ist die Flaschengarderobe.<\/p>\n<p style=\"text-align: justify;\"><a href=\"https:\/\/www.handmadekultur.de\/projekte\/garderobe-ab-aufs-flaeschchen_96432\" target=\"_blank\" rel=\"noopener noreferrer\">Hier <\/a>auch nochmals eine kurze Anleitung.<\/p>\n<p style=\"text-align: justify;\">\n","protected":false},"excerpt":{"rendered":"<p>Hierf\u00fcr ben\u00f6tigt man nur ein paar leere Flaschen, etwas Kleber und eine alte Eisen- oder Glasplatte. Der erste Schritt zur stylischen Garderobe ist das zers\u00e4gen der Flasche, am besten kurz nach dem Flaschenhals. Anschlie\u00dfend bringt man an der ges\u00e4gten Seite&hellip; <\/p>\n","protected":false},"author":1,"featured_media":0,"parent":0,"menu_order":0,"comment_status":"open","ping_status":"open","template":"","meta":[],"_links":{"self":[{"href":"https:\/\/www.nachhaltiger-einkauf.de\/wordpress\/wp-json\/wp\/v2\/pages\/4234"}],"collection":[{"href":"https:\/\/www.nachhaltiger-einkauf.de\/wordpress\/wp-json\/wp\/v2\/pages"}],"about":[{"href":"https:\/\/www.nachhaltiger-einkauf.de\/wordpress\/wp-json\/wp\/v2\/types\/page"}],"author":[{"embeddable":true,"href":"https:\/\/www.nachhaltiger-einkauf.de\/wordpress\/wp-json\/wp\/v2\/users\/1"}],"replies":[{"embeddable":true,"href":"https:\/\/www.nachhaltiger-einkauf.de\/wordpress\/wp-json\/wp\/v2\/comments?post=4234"}],"version-history":[{"count":6,"href":"https:\/\/www.nachhaltiger-einkauf.de\/wordpress\/wp-json\/wp\/v2\/pages\/4234\/revisions"}],"predecessor-version":[{"id":5764,"href":"https:\/\/www.nachhaltiger-einkauf.de\/wordpress\/wp-json\/wp\/v2\/pages\/4234\/revisions\/5764"}],"wp:attachment":[{"href":"https:\/\/www.nachhaltiger-einkauf.de\/wordpress\/wp-json\/wp\/v2\/media?parent=4234"}],"curies":[{"name":"wp","href":"https:\/\/api.w.org\/{rel}","templated":true}]}}