{"id":4658,"date":"2016-04-19T15:51:01","date_gmt":"2016-04-19T13:51:01","guid":{"rendered":"http:\/\/www.nachhaltiger-einkauf.de\/wordpress\/?page_id=4658"},"modified":"2017-12-21T21:00:17","modified_gmt":"2017-12-21T20:00:17","slug":"neumarkter-lammsbraeu","status":"publish","type":"page","link":"https:\/\/www.nachhaltiger-einkauf.de\/wordpress\/uberregionale-nachhaltige-unternehmen\/neumarkter-lammsbraeu","title":{"rendered":"Neumarkter Lammsbr\u00e4u"},"content":{"rendered":"<p style=\"text-align: justify;\"><img loading=\"lazy\" class=\"alignright wp-image-4660 size-medium\" src=\"https:\/\/www.nachhaltiger-einkauf.de\/wordpress\/wp-content\/uploads\/2016\/04\/Bildschirmfoto-2016-04-19-um-15.51.31-300x245.png\" alt=\"Bildschirmfoto 2016-04-19 um 15.51.31\" width=\"300\" height=\"245\" data-id=\"4660\" srcset=\"https:\/\/www.nachhaltiger-einkauf.de\/wordpress\/wp-content\/uploads\/2016\/04\/Bildschirmfoto-2016-04-19-um-15.51.31-300x245.png 300w, https:\/\/www.nachhaltiger-einkauf.de\/wordpress\/wp-content\/uploads\/2016\/04\/Bildschirmfoto-2016-04-19-um-15.51.31-367x300.png 367w, https:\/\/www.nachhaltiger-einkauf.de\/wordpress\/wp-content\/uploads\/2016\/04\/Bildschirmfoto-2016-04-19-um-15.51.31.png 456w\" sizes=\"(max-width: 300px) 100vw, 300px\" \/>Die Brauerei \u201eNeumarkter Lammsbr\u00e4u\u201c verkauft Biobier und alkoholfreies Biobier seit 1628, wobei ausschlie\u00dflich Rohstoffe aus biologischem Anbau verwendet werden. Zudem werden nur nat\u00fcrliche Aromahopfen, reines Brauwasser und Frischhefe aus eigener Zucht verwendet. Es wird auf nachhaltige Produktionskreisl\u00e4ufe und schonende Brauverfahren geachtet, die regelm\u00e4\u00dfig \u00fcberwacht werden.<\/p>\n<p style=\"text-align: justify;\">Als eine der wenigen Brauereien h\u00e4lt die Neumarkter Lammsbr\u00e4u den Entstehungsprozess ihrer Bio-Getr\u00e4nke vom Acker bis zur Abf\u00fcllung in den eigenen, sorgf\u00e4ltigen H\u00e4nden. Mit ihrer M\u00e4lzerei und der ausschlie\u00dflichen Verwendung von ganzem Naturdoldenhopfen stellen die Oberpf\u00e4lzer Brauer nicht nur die urspr\u00fcngliche Qualit\u00e4t der Bierspezialit\u00e4ten sicher, sondern unterst\u00fctzen auch den \u00f6kologischen Landbau der Region. Aus diesem nachhaltigen Konzept und der Leidenschaft f\u00fcr gute Getr\u00e4nke entstehen 18 verschiedenen Bio-Biere, spezielle Getr\u00e4nke wie das Glutenfrei und das Glutenfrei Alkoholfrei, Malzprodukte, die Bio-Limonaden now und das Biomineralwasser BioKristall.<\/p>\n<p style=\"text-align: justify;\">Verantwortung, Nachhaltigkeit und Umweltschutz sind bei diesem Unternehmen keine Worth\u00fclsen, sondern werden seit Jahrzehnten konsequent gelebt und weiter optimiert. Dazu geh\u00f6ren:<\/p>\n<p style=\"text-align: justify;\">&#8211; Unterst\u00fctzung der Bio-Bauern z.B. mit der Initiative \u201eFair zum Bauern\u201c<\/p>\n<p style=\"text-align: justify;\">&#8211; j\u00e4hrliche Ver\u00f6ffentlichung eines Nachhaltigkeitsbericht mit einer ausf\u00fchrlichen \u00d6ko-Bilanz<\/p>\n<p style=\"text-align: justify;\">&#8211; selbstgef\u00fchrtes hochwertiges, naturbelassenes Quellwasser<\/p>\n<p style=\"text-align: justify;\">&#8211; Lammsb\u00e4u Nachhaltigkeitspreis<\/p>\n<p style=\"text-align: justify;\">Durch die Verwendung von Bio-Rohstoffen wird der Bio-Landbau gef\u00f6rdert und der schont unsere Wasservorkommen. Wasser ist unser Lebenselixier, daher setzt sich die Neumarkter Lammsbr\u00e4u seit Jahrzehnten f\u00fcr den Schutz der Grundwasservorkommen und f\u00fcr hochwertiges, gesundes Trinkwasser ein. Eine gro\u00dfe Gef\u00e4hrdung der Grundwasserqualit\u00e4t geht von der intensiven, konventionellen Landwirtschaft aus, die auf maximale Ertr\u00e4ge ausgerichtet ist. Herbizide, Fungizide und Insektizide, die gro\u00dffl\u00e4chig zur D\u00fcngung oder als Sch\u00e4dlingsbek\u00e4mpfung eingesetzt werden, landen durch das Erdreich im globalen Wasserkreislauf und so in unseren Trinkwasserstellen und Mineralbrunnen. Biolandwirtschaft, wie bei den \u00fcber 100 Bio-Bauern der Neumarkter Lammsbr\u00e4u, ist das gr\u00f6\u00dfte und sinnvollste Trinkwasserschutzprojekt. Biobauern verwenden auf ihren \u00c4ckern ausschlie\u00dflich nat\u00fcrliche Hilfsmittel.<\/p>\n<p style=\"text-align: justify;\"><strong>Sie wollen mehr wissen?<\/strong><\/p>\n<p style=\"text-align: justify;\">Dann rufen Sie die Brauerei Neumarkter Lammsbr\u00e4u einfach unter 09181 4040 an \u2013 oder besuchen Sie die Homepage www.lammsbraeu.de.<\/p>\n<p style=\"text-align: justify;\"><img loading=\"lazy\" class=\"alignnone wp-image-4661 \" src=\"https:\/\/www.nachhaltiger-einkauf.de\/wordpress\/wp-content\/uploads\/2016\/04\/Bildschirmfoto-2016-04-19-um-15.51.46.png\" alt=\"Bildschirmfoto 2016-04-19 um 15.51.46\" width=\"567\" height=\"303\" data-id=\"4661\" \/><\/p>\n<p><iframe style=\"border: 0;\" src=\"https:\/\/www.google.com\/maps\/embed?pb=!1m18!1m12!1m3!1d2602.6202016975712!2d11.458841315218438!3d49.28359347862788!2m3!1f0!2f0!3f0!3m2!1i1024!2i768!4f13.1!3m3!1m2!1s0x479f6ff5a3b221a7%3A0x70f62c093cba9dd5!2sNeumarkter+Lammsbr%C3%A4u!5e0!3m2!1sde!2sde!4v1461181798600\" width=\"600\" height=\"450\" frameborder=\"0\" allowfullscreen=\"allowfullscreen\"><\/iframe><\/p>\n","protected":false},"excerpt":{"rendered":"<p>Die Brauerei \u201eNeumarkter Lammsbr\u00e4u\u201c verkauft Biobier und alkoholfreies Biobier seit 1628, wobei ausschlie\u00dflich Rohstoffe aus biologischem Anbau verwendet werden. Zudem werden nur nat\u00fcrliche Aromahopfen, reines Brauwasser und Frischhefe aus eigener Zucht verwendet. Es wird auf nachhaltige Produktionskreisl\u00e4ufe und schonende Brauverfahren&hellip; <\/p>\n","protected":false},"author":1,"featured_media":0,"parent":2395,"menu_order":0,"comment_status":"open","ping_status":"open","template":"","meta":[],"_links":{"self":[{"href":"https:\/\/www.nachhaltiger-einkauf.de\/wordpress\/wp-json\/wp\/v2\/pages\/4658"}],"collection":[{"href":"https:\/\/www.nachhaltiger-einkauf.de\/wordpress\/wp-json\/wp\/v2\/pages"}],"about":[{"href":"https:\/\/www.nachhaltiger-einkauf.de\/wordpress\/wp-json\/wp\/v2\/types\/page"}],"author":[{"embeddable":true,"href":"https:\/\/www.nachhaltiger-einkauf.de\/wordpress\/wp-json\/wp\/v2\/users\/1"}],"replies":[{"embeddable":true,"href":"https:\/\/www.nachhaltiger-einkauf.de\/wordpress\/wp-json\/wp\/v2\/comments?post=4658"}],"version-history":[{"count":8,"href":"https:\/\/www.nachhaltiger-einkauf.de\/wordpress\/wp-json\/wp\/v2\/pages\/4658\/revisions"}],"predecessor-version":[{"id":5863,"href":"https:\/\/www.nachhaltiger-einkauf.de\/wordpress\/wp-json\/wp\/v2\/pages\/4658\/revisions\/5863"}],"up":[{"embeddable":true,"href":"https:\/\/www.nachhaltiger-einkauf.de\/wordpress\/wp-json\/wp\/v2\/pages\/2395"}],"wp:attachment":[{"href":"https:\/\/www.nachhaltiger-einkauf.de\/wordpress\/wp-json\/wp\/v2\/media?parent=4658"}],"curies":[{"name":"wp","href":"https:\/\/api.w.org\/{rel}","templated":true}]}}