{"id":5393,"date":"2017-03-29T20:32:46","date_gmt":"2017-03-29T18:32:46","guid":{"rendered":"http:\/\/www.nachhaltiger-einkauf.de\/wordpress\/?page_id=5393"},"modified":"2021-02-24T22:05:31","modified_gmt":"2021-02-24T21:05:31","slug":"codecheck","status":"publish","type":"page","link":"https:\/\/www.nachhaltiger-einkauf.de\/wordpress\/codecheck","title":{"rendered":"Codecheck"},"content":{"rendered":"<p><span style=\"font-family: verdana,geneva,sans-serif;\">Inhaltsstoffe checken beim Einkaufen: CODECHECK<\/span><\/p>\n<p><span style=\"font-family: verdana,geneva,sans-serif;\">Inzwischen schon ein echter Klassiker, den jeder auf seinem Handy haben sollte: Die App Codecheck. Im Supermarkt oder der Drogerie k\u00f6nnt ihr damit den Barcode der Produkte scannen und die App sagt euch sofort, was drin ist und weist auf kritische Inhaltsstoffe hin. Das Beste: In vielen F\u00e4llen bietet die App direkt eine bessere Alternative. <\/span><\/p>\n<p><span style=\"font-family: verdana,geneva,sans-serif;\">Im Alltag ein super Helfer!<\/span><\/p>\n<p><span style=\"font-family: Verdana;\">Die App ist sowohl f\u00fcr das Betriebssystem Android als auch f\u00fcr iOS-Betriebssysteme erh\u00e4ltlich.&nbsp;<\/span><\/p>\n<p><a href=\"http:\/\/www.codecheck.info\/\" target=\"_blank\" rel=\"noopener noreferrer\">Hier<\/a> noch einige Info\u00b4s.<\/p>\n","protected":false},"excerpt":{"rendered":"<p>Inhaltsstoffe checken beim Einkaufen: CODECHECK Inzwischen schon ein echter Klassiker, den jeder auf seinem Handy haben sollte: Die App Codecheck. Im Supermarkt oder der Drogerie k\u00f6nnt ihr damit den Barcode der Produkte scannen und die App sagt euch sofort, was&hellip; <\/p>\n","protected":false},"author":1,"featured_media":0,"parent":0,"menu_order":0,"comment_status":"closed","ping_status":"closed","template":"","meta":[],"_links":{"self":[{"href":"https:\/\/www.nachhaltiger-einkauf.de\/wordpress\/wp-json\/wp\/v2\/pages\/5393"}],"collection":[{"href":"https:\/\/www.nachhaltiger-einkauf.de\/wordpress\/wp-json\/wp\/v2\/pages"}],"about":[{"href":"https:\/\/www.nachhaltiger-einkauf.de\/wordpress\/wp-json\/wp\/v2\/types\/page"}],"author":[{"embeddable":true,"href":"https:\/\/www.nachhaltiger-einkauf.de\/wordpress\/wp-json\/wp\/v2\/users\/1"}],"replies":[{"embeddable":true,"href":"https:\/\/www.nachhaltiger-einkauf.de\/wordpress\/wp-json\/wp\/v2\/comments?post=5393"}],"version-history":[{"count":3,"href":"https:\/\/www.nachhaltiger-einkauf.de\/wordpress\/wp-json\/wp\/v2\/pages\/5393\/revisions"}],"predecessor-version":[{"id":6592,"href":"https:\/\/www.nachhaltiger-einkauf.de\/wordpress\/wp-json\/wp\/v2\/pages\/5393\/revisions\/6592"}],"wp:attachment":[{"href":"https:\/\/www.nachhaltiger-einkauf.de\/wordpress\/wp-json\/wp\/v2\/media?parent=5393"}],"curies":[{"name":"wp","href":"https:\/\/api.w.org\/{rel}","templated":true}]}}