{"id":6306,"date":"2021-02-17T19:45:21","date_gmt":"2021-02-17T18:45:21","guid":{"rendered":"https:\/\/www.nachhaltiger-einkauf.de\/wordpress\/?page_id=6306"},"modified":"2021-07-07T21:29:58","modified_gmt":"2021-07-07T19:29:58","slug":"nachhaltigkeit-entrepreneurship","status":"publish","type":"page","link":"https:\/\/www.nachhaltiger-einkauf.de\/wordpress\/nachhaltigkeit-entrepreneurship","title":{"rendered":"Nachhaltigkeit Entrepreneurship"},"content":{"rendered":"<p><\/p>\n<p><strong><u>Wie schafft man es sein Gesch\u00e4ftsmodell nachhaltig zu gestalten?<\/u><\/strong><\/p>\n<p><\/p>\n<p><\/p>\n<p>Hier hilft zun\u00e4chst ein Blick auf den Begriff \u201cNachhaltigkeit\u201d selbst. Bereits 1997 definierte die Brundtland-Kommission der UN den Begriff:<\/p>\n<p><\/p>\n<p><\/p>\n<p><strong><u>Nachhaltigkeit im Entrepreneurship:<\/u><\/strong><\/p>\n<p><\/p>\n<p><\/p>\n<blockquote class=\"wp-block-quote is-style-large\">\n<p><em>\u201eNachhaltige Entwicklung ist eine Entwicklung, die die Bed\u00fcrfnisse der Gegenwart befriedigt, ohne zu riskieren, da\u00df k\u00fcnftige Generationen ihre eigenen Bed\u00fcrfnisse nicht befriedigen k\u00f6nnen.\u201c<\/em> <\/p>\n<p><cite>Bundesministerium f\u00fcr Umwelt, Naturschutz und nukleare Sicherheit<\/cite><\/p><\/blockquote>\n<p><\/p>\n<p><\/p>\n<p>In Gr\u00fcndungsvorhaben gewinnt der Aspekt Nachhaltigkeit eine immer gr\u00f6\u00dfere Rolle. Das Ergebnis nennt sich \u201eGreen Entrepreneurship\u201c.<\/p>\n<p><\/p>\n<p><\/p>\n<p>Hierbei geht es fast immer um das Thema Ressourceneffizienz. Diese soll h\u00e4ufig mit digitalen Tools oder Plattformen erh\u00f6ht werden. Die Zahl der \u201egr\u00fcnen\u201c Startups nimmt stetig zu. Eine Etablierung findet vor Allem in Bereichen wie Mobilit\u00e4t, erneuerbare Energien oder Green Tech statt.&nbsp;<\/p>\n<p><\/p>\n<p><\/p>\n<p>Die zentrale Frage im Bereich Entrepreneurship lautet: \u201eWie gelingt es uns \u00d6kologie und \u00d6konomie mit einer nachhaltigkeitsbasierten Strategie zu verbinden, Gewinne zu erzielen und Investoren zu \u00fcberzeugen?\u201c<\/p>\n<p><\/p>\n<p><\/p>\n<p>Unterschied klassisches Entrepreneurship und Green Entrepreneurship:<\/p>\n<p><\/p>\n<p><\/p>\n<p>Der Unterschied besteht in dem erh\u00f6hten Fokus auf&nbsp;<em>nachhaltiges<\/em>&nbsp;Handeln. Grunds\u00e4tzlich geht jedoch beiden F\u00e4llen eine innovative Idee voraus, die umsetzbar ist und idealerweise Aussichten auf Gewinnerzielung mit sich bringt.<\/p>\n<p><\/p>\n<p><\/p>\n<p>Der Green Entrepreneur ber\u00fccksichtigt daneben jedoch intensiv die \u00f6kologischen und sozialen Auswirkungen seines wirtschaftlichen Handelns und versucht hier&nbsp;<em>nachhaltig<\/em>&nbsp;zu handeln. Dabei hilft stets ein Blick auf das Nachhaltigkeitsdreieck und seine Dimensionen.<\/p>\n<p><\/p>\n<p><\/p>\n<p>Best Practices und Startups:<\/p>\n<p><\/p>\n<p><\/p>\n<ul>\n<li><strong>Agtech-Startup \u201cInfarm\u201d<\/strong>&nbsp;(Indoor-Farming &#8211; Ziel ist es, mittels Hochregalen, die mit allerhand High-Tech und Sensorik gespickt sind, an jedem beliebigen Ort Kr\u00e4uter und Gem\u00fcse zu z\u00fcchten.)<\/li>\n<li><strong>D\u00e4nische Startup \u201cToo Good To Go\u201d<\/strong>&nbsp;(Kampf gegen die Lebensmittelverschwendung)<\/li>\n<li><strong>Tomorrow<\/strong>&nbsp;(Digital \u2013 und \u00d6kobank in einem, die ausschlie\u00dflich in nachhaltige Projekte investiert)<\/li>\n<\/ul>\n<p><\/p>\n<p><\/p>\n<div class=\"wp-block-buttons\"><\/p>\n<div class=\"wp-block-button is-style-outline\"><a class=\"wp-block-button__link\" href=\"https:\/\/www.einstein1.net\/green.entrpreneurship\" target=\"_blank\" rel=\"noreferrer noopener\">Read More!<\/a><\/div>\n<p><\/div>\n<p><\/p>\n<p><\/p>\n<p><\/p>\n","protected":false},"excerpt":{"rendered":"<p>Wie schafft man es sein Gesch\u00e4ftsmodell nachhaltig zu gestalten? Hier hilft zun\u00e4chst ein Blick auf den Begriff \u201cNachhaltigkeit\u201d selbst. Bereits 1997 definierte die Brundtland-Kommission der UN den Begriff: Nachhaltigkeit im Entrepreneurship: \u201eNachhaltige Entwicklung ist eine Entwicklung, die die Bed\u00fcrfnisse der&hellip; <\/p>\n","protected":false},"author":1,"featured_media":0,"parent":0,"menu_order":0,"comment_status":"closed","ping_status":"closed","template":"","meta":[],"_links":{"self":[{"href":"https:\/\/www.nachhaltiger-einkauf.de\/wordpress\/wp-json\/wp\/v2\/pages\/6306"}],"collection":[{"href":"https:\/\/www.nachhaltiger-einkauf.de\/wordpress\/wp-json\/wp\/v2\/pages"}],"about":[{"href":"https:\/\/www.nachhaltiger-einkauf.de\/wordpress\/wp-json\/wp\/v2\/types\/page"}],"author":[{"embeddable":true,"href":"https:\/\/www.nachhaltiger-einkauf.de\/wordpress\/wp-json\/wp\/v2\/users\/1"}],"replies":[{"embeddable":true,"href":"https:\/\/www.nachhaltiger-einkauf.de\/wordpress\/wp-json\/wp\/v2\/comments?post=6306"}],"version-history":[{"count":9,"href":"https:\/\/www.nachhaltiger-einkauf.de\/wordpress\/wp-json\/wp\/v2\/pages\/6306\/revisions"}],"predecessor-version":[{"id":7162,"href":"https:\/\/www.nachhaltiger-einkauf.de\/wordpress\/wp-json\/wp\/v2\/pages\/6306\/revisions\/7162"}],"wp:attachment":[{"href":"https:\/\/www.nachhaltiger-einkauf.de\/wordpress\/wp-json\/wp\/v2\/media?parent=6306"}],"curies":[{"name":"wp","href":"https:\/\/api.w.org\/{rel}","templated":true}]}}